on factor of 9 and 11361?
3
What is the greatest common factor of 2893187 and 209?
209
Calculate the greatest common divisor of 1398 and 20154.
6
What is the highest common divisor of 3 and 58419?
3
What is the greatest common factor of 23270 and 60580?
130
Calculate the highest common divisor of 2183 and 344803.
37
Calculate the highest common divisor of 98319 and 39.
39
Calculate the highest common factor of 17667 and 234.
117
Calculate the highest common divisor of 35 and 43456.
7
What is the highest common divisor of 1161 and 21457?
43
Calculate the greatest common factor of 15849 and 24.
3
Calculate the greatest common factor of 48 and 249.
3
Calculate the greatest common factor of 252288 and 76.
4
What is the greatest common divisor of 257 and 5225067?
257
Calculate the highest common divisor of 81298 and 14.
14
Calculate the greatest common divisor of 25256 and 640.
8
Calculate the highest common factor of 40 and 5728.
8
Calculate the greatest common divisor of 490 and 10430.
70
Calculate the highest common factor of 12432 and 13875.
111
What is the greatest common divisor of 8855549 and 3526?
1763
Calculate the greatest common divisor of 7527 and 806.
13
What is the greatest common factor of 1266 and 1599?
3
What is the greatest common factor of 45148 and 24?
4
Calculate the highest common divisor of 16438 and 8.
2
What is the greatest common divisor of 1826 and 9851270?
1826
What is the highest common divisor of 3055 and 10810?
235
Calculate the highest common divisor of 639 and 31311.
639
Calculate the greatest common factor of 2711842 and 14.
14
Calculate the highest common factor of 4543 and 231.
77
Calculate the greatest common factor of 1302 and 30318.
186
Calculate the greatest common factor of 441 and 195363.
441
What is the highest common divisor of 551 and 1311?
19
What is the greatest common divisor of 154 and 268202?
22
Calculate the highest common divisor of 34496 and 4389.
77
What is the highest common divisor of 24725 and 90275?
575
Calculate the highest common divisor of 30275 and 325.
25
Calculate the greatest common divisor of 269004 and 24.
12
What is the highest common divisor of 108 and 125004?
12
What is the greatest common divisor of 1216 and 45524?
76
What is the greatest common divisor of 21351 and 264?
33
What is the highest common factor of 52820 and 35720?
380
Calculate the highest common factor of 1032 and 40608.
24
Calculate the greatest common divisor of 24984 and 42334.
694
Calculate the greatest common factor of 26307 and 74.
37
Calculate the highest common factor of 24 and 37712.
8
Calculate the greatest common factor of 1553904 and 132.
132
What is the highest common factor of 9435 and 340?
85
Calculate the highest common factor of 94 and 359973.
47
Calculate the highest common divisor of 24374 and 7.
7
Calculate the greatest common factor of 4 and 58046.
2
Calculate the greatest common factor of 104 and 2855476.
52
What is the highest common divisor of 199929 and 3?
3
Calculate the highest common divisor of 5282 and 26549.
139
Calculate the highest common factor of 42218 and 2090.
418
What is the highest common factor of 638 and 8360?
22
What is the greatest common divisor of 480 and 205?
5
What is the highest common factor of 16611 and 58873?
113
Calculate the highest common divisor of 33 and 1515.
3
What is the highest common factor of 78 and 15999?
3
What is the greatest common factor of 195 and 20358?
39
Calculate the greatest common divisor of 277 and 964237.
277
Calculate the greatest common divisor of 1 and 93283.
1
Calculate the greatest common divisor of 99 and 2131635.
33
What is the greatest common divisor of 528643 and 93?
31
Calculate the greatest common divisor of 39049 and 238.
17
Calculate the greatest common factor of 102 and 28526.
34
Calculate the highest common factor of 44261 and 140.
7
What is the highest common divisor of 8769 and 6873?
237
Calculate the highest common divisor of 256660 and 246.
82
Calculate the highest common factor of 40 and 1701660.
20
Calculate the highest common divisor of 90 and 207126.
18
What is the greatest common divisor of 21105 and 875?
35
Calculate the highest common divisor of 31 and 1434091.
31
Calculate the highest common factor of 8601 and 23547.
141
Calculate the highest common divisor of 90221 and 1411.
83
Calculate the greatest common factor of 32567 and 87.
29
Calculate the highest common factor of 4944 and 42.
6
Calculate the highest common divisor of 731 and 3.
1
Calculate the highest common divisor of 772 and 392755.
193
What is the highest common factor of 15 and 485610?
15
Calculate the greatest common factor of 10064 and 13872.
272
What is the highest common factor of 390 and 2052375?
195
Calculate the greatest common divisor of 360910 and 30.
10
What is the greatest common factor of 12 and 1627182?
6
Calculate the highest common divisor of 2240 and 20320.
160
What is the greatest common factor of 10298 and 8474?
38
What is the highest common divisor of 1517 and 328?
41
What is the greatest common divisor of 14406 and 21266?
686
What is the greatest common factor of 16330 and 129930?
710
Calculate the highest common factor of 370 and 39775.
185
What is the greatest common divisor of 15484 and 16116?
316
Calculate the greatest common divisor of 7599 and 1836.
51
What is the highest common divisor of 11 and 27533?
11
Calculate the greatest common factor of 106230 and 30.
30
Calculate the highest common factor of 31616 and 460928.
1664
What is the highest common factor of 106 and 400?
2
Calculate the greatest common divisor of 10784 and 224.
32
Calculate the greatest common divisor of 3469191 and 228.
57
What is the greatest common factor of 8148 and 33?
3
What is the highest common divisor of 4 and 19490?
2
What is the greatest common divisor of 472 and 2200?
8
What is the highest common divisor of 8250 and 264?
66
What is the greatest common factor of 485 and 1374296?
97
What is the greatest common divisor of 237 and 2082756?
237
Calculate the highest common divisor of 96 and 1878.
6
What is the highest common factor of 506 and 23437?
23
What is the highest common divisor of 2121 and 1616?
101
Calculate the highest common factor of 389 and 189443.
389
What is the highest common divisor of 242 and 246774?
22
Calculate the greatest common factor of 280 and 317520.
280
Calculate the greatest common factor of 319956 and 2184.
1092
Calculate the greatest common factor of 156 and 21696.
12
What is the greatest common factor of 657 and 5?
1
What is the highest common factor of 9766 and 8?
2
Calculate the highest common divisor of 128627 and 1465.
293
What is the highest common factor of 28 and 14804?
4
What is the highest common divisor of 16 and 457912?
8
What is the greatest common factor of 372 and 38657?
31
What is the highest common factor of 21 and 25151?
7
Calculate the highest common factor of 11624 and 188.
4
What is the greatest common divisor of 28208 and 1804?
164
Calculate the greatest common divisor of 427 and 4158.
7
What is the greatest common divisor of 35741 and 515?
103
What is the greatest common divisor of 90 and 718065?
45
What is the highest common divisor of 2925 and 1599?
39
What is the highest common factor of 2036 and 12?
4
What is the greatest common factor of 438930 and 90?
90
What is the highest common factor of 34 and 13542982?
34
Calculate the greatest common factor of 10429 and 27.
1
Calculate the highest common divisor of 78 and 40950.
78
What is the highest common divisor of 14920 and 986585?
1865
Calculate the highest common factor of 17 and 47345.
17
What is the highest common divisor of 484 and 374132?
484
What is the highest common divisor of 26287 and 1746?
97
What is the greatest common factor of 454612 and 2047?
89
Calculate the highest common factor of 5020 and 430.
10
Calculate the greatest common factor of 775015 and 5.
5
Calculate the greatest common factor of 10026 and 72.
18
What is the greatest common factor of 1969771 and 62?
31
What is the highest common factor of 1008 and 255213?
63
What is the greatest common factor of 3620 and 1237135?
905
Calculate the highest common factor of 402 and 18.
6
What is the greatest common divisor of 12 and 27332?
4
Calculate the greatest common divisor o